5) a prime number?
True
Let i(t) = 2316*t**2 + 4*t - 341. Is i(12) prime?
False
Let t(b) = -1036*b**2 + 1030*b**2 - 5*b - 34*b**3 - 1 - 38*b**3 - 8*b**3 - 77*b**3. Let s = -3 + 1. Is t(s) composite?
True
Suppose 5*a = -3288 - 107. Let p(l) = 44*l + 72. Let c be p(-34). Let b = a - c. Is b a prime number?
False
Suppose -g - 2*i - 18578 = -70849, -4*i + 52281 = g. Is g prime?
False
Let c = 232778 + -135007. Is c prime?
True
Let w = 14510 + -8523. Is w a composite number?
False
Suppose -69*u + 249788 + 1885003 = 0. Is u composite?
True
Is (-7 + 8 - 6) + (-150428)/(-2) a prime number?
True
Suppose -2*z = 4*l + 40, 3*z - 8 = 3*l + 13. Let b be l*3/(-9) + 4. Suppose -218 = 5*q - b*q. Is q a prime number?
True
Suppose -r - 196 = -4*t, 2*r - 212 = -4*t - r. Suppose 4*n - t = -4*b + 38, -4*b = -4*n - 64. Suppose -b*d = -18*d - 3221. Is d a prime number?
True
Suppose 0 = 37*u - 7*u - 257400. Suppose -7*x + 5*x = 2*m - u, 8573 = 2*m - 5*x. Is m composite?
False
Let l(c) = 12*c - 2. Let p be l(1). Suppose 8*k - p*k + 6 = 0. Is 1847/(4 + k*(-4 - -3)) composite?
False
Let c(h) be the first derivative of 25*h + 9 + 11/2*h**2. Is c(8) prime?
True
Suppose -16614200 = 32*r - 72*r. Is r composite?
True
Suppose -81*p = -693457 - 870273 + 631501. Is p a composite number?
True
Suppose 5*g + 5162616 = -54*n + 58*n, 5*n + 2*g = 6453237. Is n prime?
True
Let g = 5515 - 3300. Suppose 16*p - g = 15*p. Is p prime?
False
Suppose -5*r = 4*g - 12058925, g - 133*r + 128*r = 3014750. Is g a prime number?
False
Suppose 4*w - 1 = 7. Suppose -6 = 4*j + 5*u, -w*u - 4 = -4*u. Is (-1)/5*2180/j a prime number?
True
Let g be (-9 - -12)*(-4)/(-6). Suppose 0 = -g*b, 0 = 4*a - b - 30 - 6. Suppose a*p - 970 = 929. Is p prime?
True
Let w = 20689 - 14530. Is w composite?
True
Let b = -397 + 401. Suppose -b*y - 15816 = -4*r, r + 7929 = 3*r + 5*y. Is r a composite number?
True
Let f(l) = 2*l - 5. Let j be f(5). Suppose 3*o + 3*i + 6 = -9, -12 = 3*i. Is (-142968)/(-115) + o/j a composite number?
True
Suppose -219044519 = -118*l - 64*l + 58255595. Is l composite?
True
Let r(z) be the second derivative of -33*z**3/2 - 91*z**2/2 + 37*z + 1. Is r(-30) a prime number?
True
Let k(d) = 135*d + 20. Let t be (-13)/(-1) - (0/(-1) - -4). Let v be k(t). Suppose 0 = 10*n - v - 6135. Is n composite?
True
Suppose -87935 = -5*a - 21610. Suppose -3*x - 2*x + 3*f = -22118, 3*x = -4*f + a. Is x a prime number?
True
Let p be (-95)/(-15) - (-4)/6. Suppose -5*n - p*n = 0. Suppose -2*s + s + 457 = n. Is s composite?
False
Suppose 7*w - 7297424 = 5*k, -5*k - 36 + 21 = 0. Is w composite?
False
Is 456151 + ((-20)/5 - -5) + 15/(-5) composite?
False
Let u(x) = -x**3 + 62*x**2 + 96*x + 84. Is u(51) a prime number?
False
Is -4 + (1 + 1 + (-2649468)/24)*-2 a prime number?
False
Let h(t) = t**2 + 1. Let o(c) = 55*c**2 - 13*c + 15. Let k(b) = -5*h(b) + o(b). Is k(5) a composite number?
True
Let t(p) = -p**3 + 19*p**2 + p + 1. Let d be t(19). Is (-4)/d + (-386874)/(-45) prime?
True
Let t = -85788 - -157177. Suppose -29*h + 25*h = -5*k + t, -71385 = -5*k + 5*h. Is k a composite number?
False
Suppose -3501 = 5*r + 8749. Let h = -1173 - r. Suppose -j + h = -394. Is j a composite number?
True
Suppose -u + a = -3, -2*u = -a - 1 - 4. Suppose u*k = -d + 78590, -4*k + 4*d + d + 157152 = 0. Is k a prime number?
True
Let p be (2/7)/(58/(-203)). Is 1257 + p + (-8)/8 composite?
True
Let q = 78 + 27. Let n be (-152)/4*q/(-6). Suppose n = w + 4*c, -5*c - 8 = -c. Is w a prime number?
True
Suppose -45*b = -40*b - 1650. Let u be (2/(-6))/(10/b). Let f(q) = -23*q - 16. Is f(u) a composite number?
True
Let y(h) = 4289*h**2 + 6*h - 3. Let s be y(1). Suppose 5*c = s + 11723. Is c composite?
False
Let t be 3 - (30/(-6) - -3). Suppose -14547 = -t*j + 15308. Is j composite?
True
Suppose 0 = 9*u - 10*u - 5*a + 11296, -33938 = -3*u - 5*a. Let z = 21387 - u. Suppose -12*v = 2*v - z. Is v a prime number?
True
Suppose -45*t + 35 = -38*t. Suppose l + 4*x - 3667 = 0, 18427 = t*l - 4*x + x. Is l a composite number?
True
Suppose -4*p - 1242 = -418. Let k = 113 - p. Suppose 0*u + k = u. Is u composite?
True
Suppose 28*f = 94 + 74. Is 3958/((-6)/9 - (-16)/f) prime?
True
Let l(o) be the first derivative of -9*o**4/2 - o**3/3 - o**2/2 - 27*o - 43. Is l(-5) a composite number?
False
Suppose 0 = -f - 4*f + 10125. Let x = f + -1207. Is x composite?
True
Suppose h + 3*h = -5*z + 20, 0 = -z. Suppose -9*t + h*t + 68 = 0. Suppose 18*m = t*m + 74. Is m a prime number?
False
Let s(f) = f**3 + 12*f**2 - 29*f - 7. Suppose 0 = -12*k + 7*k - 70. Is s(k) prime?
True
Let j = 68 - 58. Suppose -p + 87 = -j. Suppose 4*b = -i + p, 0*i + 2*i = 5*b - 105. Is b prime?
True
Let y be ((84/35)/((-4)/(-10)))/2. Suppose -y*b = -5*z - 13477, z - 5868 = -2*b + 3134. Is b a prime number?
False
Suppose 52 = 2*o + 11*o. Suppose -7254 - 1778 = -o*p. Is p a composite number?
True
Let c(z) = -35*z - 24. Let x(w) = 69*w + 49. Let q(s) = -69*s - 49. Let p(f) = -4*q(f) - 5*x(f). Let m(g) = -11*c(g) + 6*p(g). Is m(-19) a composite number?
False
Suppose 2*p + 0 = 4. Suppose j + 22 = -3*y, -4*y - j + 4*j - 38 = 0. Is (-13612)/(-16) - p/y a prime number?
False
Suppose -14*m + 79287 + 2349335 = 0. Is m prime?
True
Let b(m) = -271422*m - 11065. Is b(-3) a composite number?
True
Let i be 80/16 + -46*(-34)/4. Let p = 923 - i. Is p a prime number?
False
Let a be -170 - (2/5 - 12/30). Is (a/(-20))/(1/14) prime?
False
Let a(s) = s**2 + 7*s + 2. Let x be a(-14). Is (4156/(-6))/(-9 + x/12) a prime number?
True
Suppose 160*j = 55*j + 29626485. Is j a prime number?
True
Suppose -2*t = 4*u - 10, -4*u + 10 = -u + 4*t. Suppose 76626 = u*z - 5*m + 21369, m = -z + 27632. Is z a prime number?
True
Let t = -68 - -62. Let d(h) = h + 8. Let n be d(t). Is -1 - n - (-4)/4*790 composite?
False
Let h = 5161 + -3375. Suppose 0 = 3*d + 457 - h. Is d composite?
False
Suppose 179*r - 4749163 - 1075318 = 0. Is r composite?
True
Let u(v) = -30787*v**3 - v**2 + 4*v - 3. Let d be u(1). Let x = 51032 + d. Is x composite?
True
Suppose -h + 2*r = 313, -333 = h - 2*r + 5*r. Let l = h - -354. Is l a prime number?
False
Suppose 5*y - 36*m = -37*m + 110586, 2*m + 22115 = y. Is y composite?
True
Let s(j) = -j**3 - 22*j**2 - 70*j - 18. Let p be s(-17). Suppose -3141 = -5*a - 271. Let f = a + p. Is f composite?
True
Let b be (0 - -7) + (9/(-1))/3. Suppose -2*k = -0*u - u - 8, 0 = -2*k + 2*u + b. Suppose -k*i = -13*i + 22029. Is i composite?
True
Let o = -1035837 - -1870780. Is o a prime number?
False
Suppose q - 4*t - 598437 = 0, 981839 - 383422 = q - 24*t. Is q prime?
False
Let u(g) = -51*g**3 - 10*g**2 - 19*g + 19. Is u(-13) prime?
True
Let m(x) = 904*x**3 - 2*x**2 + 21*x - 70. Is m(3) a composite number?
True
Let x be (-2)/(-3) - (-32600)/15. Suppose 4*i = x - 74. Let g = 864 - i. Is g a composite number?
True
Is (-8662)/61*3/12*-254 prime?
False
Let f = -14 - -267. Let d = f - 67. Suppose -7*b + 5*b = -d. Is b prime?
False
Let o be 2 + 0 + -2 + 4. Suppose 2 = -o*g + 2*g. Is (-4)/g - (-1 - 92) composite?
False
Suppose -8*x - 6318 = -2*c - 4*x, 3*c = -2*x + 9509. Suppose 6*z - c = -1121. Is z composite?
True
Suppose -3*g - 5*x + 3117 = 0, 2*g = -4*x + 2382 - 302. Let s = g + -2009. Let b = s - -1960. Is b prime?
False
Let i(j) = 5*j**2 + 85*j + 673. Is i(-37) prime?
True
Let i = -1903 - -828. Let s = -717 - i. Suppose -5*p + 429 = -3*f, -4*p - 3*f = 2*f - s. Is p composite?
True
Suppose -5*k = 4*c - 245465, -45*c - 245490 = -5*k - 44*c. Is k composite?
True
Let a(f) = -635*f - 4477. Is a(-46) composite?
False
Suppose -19*b - 27 - 11 = 0. Is b + 7 - 2196/(-18) a composite number?
False
Let r(a) be the second derivative of -a**5/20 - 8*a**4/3 - 71*a**3/6 + 3*a**2/2 + 2*a - 7. Is r(-34) a prime number?
True
Suppose -8*f - 144314 + 58810 = 0. Let s = f - -15489. Suppose -2*o + 5*g = o - s, 4*o - 6390 = g. Is o composite?
False
Let s(y) = 10*y + 18247. Let x = -196 + 196. Is s(x) composite?
True
Let s(b) = 21853*b**2 - 5. Is s(-2) composite?
False
Let d(t) = 36*t**2 - 20*t + 38. Let c be d(21). Suppose -8456 = -25*l + c. Is l prime?
False
Let g(y) = -8*y - 8 - 6 + 12. Let b be g(-1). Suppose b*l - 5575 = -1213. Is l a composite number?
False
Let f be (-114)/(-4)*44/6. Let s = -84 + f. Suppose 2*i - 405 - s = 0. Is i composite?
True
Let g = -4